{"id":1349,"date":"2019-08-06T22:24:45","date_gmt":"2019-08-06T22:24:45","guid":{"rendered":"http:\/\/unimac.bitnamiapp.com\/?page_id=1349"},"modified":"2023-08-11T16:45:41","modified_gmt":"2023-08-11T16:45:41","slug":"almuerzo-y-aprende","status":"publish","type":"page","link":"https:\/\/unimac.com\/latam\/arquitectos\/almuerzo-y-aprende\/","title":{"rendered":"Almuerzo y Aprende"},"content":{"rendered":"<p><div class=\"fusion-fullwidth fullwidth-box fusion-builder-row-1 fusion-flex-container nonhundred-percent-fullwidth non-hundred-percent-height-scrolling\" style=\"--awb-border-radius-top-left:0px;--awb-border-radius-top-right:0px;--awb-border-radius-bottom-right:0px;--awb-border-radius-bottom-left:0px;--awb-padding-top:50px;--awb-padding-bottom:50px;--awb-flex-wrap:wrap;\" ><div class=\"fusion-builder-row fusion-row fusion-flex-align-items-center fusion-flex-justify-content-center fusion-flex-content-wrap\" style=\"max-width:1456px;margin-left: calc(-4% \/ 2 );margin-right: calc(-4% \/ 2 );\"><div class=\"fusion-layout-column fusion_builder_column fusion-builder-column-0 fusion_builder_column_3_5 3_5 fusion-flex-column\" style=\"--awb-bg-size:cover;--awb-width-large:60%;--awb-margin-top-large:0px;--awb-spacing-right-large:3.2%;--awb-margin-bottom-large:0px;--awb-spacing-left-large:3.2%;--awb-width-medium:80%;--awb-order-medium:0;--awb-spacing-right-medium:2.4%;--awb-spacing-left-medium:2.4%;--awb-width-small:100%;--awb-order-small:0;--awb-spacing-right-small:1.92%;--awb-spacing-left-small:1.92%;\"><div class=\"fusion-column-wrapper fusion-column-has-shadow fusion-flex-justify-content-flex-start fusion-content-layout-column\"><div class=\"fusion-text fusion-text-1\"><h1 style=\"text-align: center\">ALMUERZO Y APRENDE<\/h1>\n<p>El exclusivo programa &#8220;Almuerzo y Aprende&#8221; de UniMac\u00ae ofrece a los arquitectos la oportunidad de aumentar sus conocimientos sobre salas de lavander\u00eda, al tiempo que obtienen Unidades de Aprendizaje AIA\/CES. Y tu distribuidor local de UniMac incluso proporcionar\u00e1 el almuerzo.<\/p>\n<p>Este programa cubrir\u00e1 los desaf\u00edos \u00fanicos que presentan las lavander\u00edas en el lugar, as\u00ed como los aspectos a tener en cuenta y lo que se debe evitar en el dise\u00f1o de una sala de lavander\u00eda. Los arquitectos pueden estar seguros de la informaci\u00f3n que est\u00e1n recibiendo, ya que UniMac es el l\u00edder en cuota de mercado en lavander\u00edas en el lugar y cuenta con la red de distribuci\u00f3n global m\u00e1s grande.<\/p>\n<p>Para programar una presentaci\u00f3n de 60 minutos sobre el dise\u00f1o de lavander\u00edas, completa el formulario de contacto a continuaci\u00f3n y tu distribuidor local de UniMac se pondr\u00e1 en contacto contigo.<\/p>\n<\/div><\/div><\/div><div class=\"fusion-layout-column fusion_builder_column fusion-builder-column-1 fusion_builder_column_2_5 2_5 fusion-flex-column\" style=\"--awb-bg-size:cover;--awb-width-large:40%;--awb-margin-top-large:0px;--awb-spacing-right-large:4.8%;--awb-margin-bottom-large:0px;--awb-spacing-left-large:4.8%;--awb-width-medium:80%;--awb-order-medium:0;--awb-spacing-right-medium:2.4%;--awb-spacing-left-medium:2.4%;--awb-width-small:100%;--awb-order-small:0;--awb-spacing-right-small:1.92%;--awb-spacing-left-small:1.92%;\"><div class=\"fusion-column-wrapper fusion-column-has-shadow fusion-flex-justify-content-flex-start fusion-content-layout-column\"><div class=\"fusion-image-element \" style=\"--awb-caption-title-font-family:var(--h2_typography-font-family);--awb-caption-title-font-weight:var(--h2_typography-font-weight);--awb-caption-title-font-style:var(--h2_typography-font-style);--awb-caption-title-size:var(--h2_typography-font-size);--awb-caption-title-transform:var(--h2_typography-text-transform);--awb-caption-title-line-height:var(--h2_typography-line-height);--awb-caption-title-letter-spacing:var(--h2_typography-letter-spacing);\"><span class=\" fusion-imageframe imageframe-none imageframe-1 hover-type-none\"><img decoding=\"async\" width=\"1200\" height=\"799\" title=\"Business man chatting on smartphone whilst using office laptop\" data-src=\"https:\/\/unimac.com\/latam\/wp-content\/uploads\/sites\/16\/2020\/10\/GettyImages-558948351.jpg\" alt class=\"img-responsive wp-image-16062 lazyload\" data-srcset=\"https:\/\/unimac.com\/latam\/wp-content\/uploads\/sites\/16\/2020\/10\/GettyImages-558948351-200x133.jpg 200w, https:\/\/unimac.com\/latam\/wp-content\/uploads\/sites\/16\/2020\/10\/GettyImages-558948351-400x266.jpg 400w, https:\/\/unimac.com\/latam\/wp-content\/uploads\/sites\/16\/2020\/10\/GettyImages-558948351-600x400.jpg 600w, https:\/\/unimac.com\/latam\/wp-content\/uploads\/sites\/16\/2020\/10\/GettyImages-558948351-800x533.jpg 800w, https:\/\/unimac.com\/latam\/wp-content\/uploads\/sites\/16\/2020\/10\/GettyImages-558948351.jpg 1200w\" data-sizes=\"(max-width: 767px) 100vw, 600px\" src=\"data:image\/svg+xml;base64,PHN2ZyB3aWR0aD0iMSIgaGVpZ2h0PSIxIiB4bWxucz0iaHR0cDovL3d3dy53My5vcmcvMjAwMC9zdmciPjwvc3ZnPg==\" style=\"--smush-placeholder-width: 1200px; --smush-placeholder-aspect-ratio: 1200\/799;\" \/><\/span><\/div><\/div><\/div><\/div><\/div><div class=\"fusion-fullwidth fullwidth-box fusion-builder-row-2 fusion-flex-container nonhundred-percent-fullwidth non-hundred-percent-height-scrolling\" style=\"--awb-border-radius-top-left:0px;--awb-border-radius-top-right:0px;--awb-border-radius-bottom-right:0px;--awb-border-radius-bottom-left:0px;--awb-flex-wrap:wrap;\" ><div class=\"fusion-builder-row fusion-row fusion-flex-align-items-flex-start fusion-flex-content-wrap\" style=\"max-width:calc( 1400px + 0px );margin-left: calc(-0px \/ 2 );margin-right: calc(-0px \/ 2 );\"><div class=\"fusion-layout-column fusion_builder_column fusion-builder-column-2 fusion_builder_column_1_1 1_1 fusion-flex-column\" style=\"--awb-bg-size:cover;--awb-width-large:100%;--awb-margin-top-large:0px;--awb-spacing-right-large:0px;--awb-margin-bottom-large:0px;--awb-spacing-left-large:0px;--awb-width-medium:100%;--awb-spacing-right-medium:0px;--awb-spacing-left-medium:0px;--awb-width-small:100%;--awb-spacing-right-small:0px;--awb-spacing-left-small:0px;\"><div class=\"fusion-column-wrapper fusion-column-has-shadow fusion-flex-justify-content-flex-start fusion-content-layout-column\"><div class=\"fusion-title title fusion-title-1 fusion-sep-none fusion-title-text fusion-title-size-two\"><h2 class=\"fusion-title-heading title-heading-left fusion-responsive-typography-calculated\" style=\"margin:0;--fontSize:50;line-height:1.2;\">Informaci\u00f3n de Contacto<\/h2><\/div><div class=\"fusion-text fusion-text-2\"><iframe title=\"Lunch and Learn\" class=\"pardotform lazyload\" data-src=\"https:\/\/now.unimac.com\/l\/607681\/2020-08-19\/36zrt\" width=\"1000\" height=\"1000\" type=\"text\/html\" frameborder=\"0\" allowTransparency=\"true\" style=\"border: 0\" src=\"data:image\/svg+xml;base64,PHN2ZyB3aWR0aD0iMSIgaGVpZ2h0PSIxIiB4bWxucz0iaHR0cDovL3d3dy53My5vcmcvMjAwMC9zdmciPjwvc3ZnPg==\" data-load-mode=\"1\"><\/iframe>\n<\/div><\/div><\/div><\/div><\/div><\/p>\n","protected":false},"excerpt":{"rendered":"","protected":false},"author":1,"featured_media":0,"parent":1123,"menu_order":0,"comment_status":"closed","ping_status":"closed","template":"100-width.php","meta":{"_acf_changed":false,"inline_featured_image":false,"footnotes":""},"class_list":["post-1349","page","type-page","status-publish","hentry"],"yoast_head":"<!-- This site is optimized with the Yoast SEO Premium plugin v23.4 (Yoast SEO v26.2) - https:\/\/yoast.com\/wordpress\/plugins\/seo\/ -->\n<title>Commercial Laundry Manufacturer\u2013 Industrial Washer Dryer<\/title>\n<meta name=\"description\" content=\"UniMac&#039;s Lunch and Learn program offers architects the opportunity to increase their knowledge about laundry rooms - UniMac distributor will even supply lunch.\" \/>\n<meta name=\"robots\" content=\"index, follow, max-snippet:-1, max-image-preview:large, max-video-preview:-1\" \/>\n<link rel=\"canonical\" href=\"https:\/\/unimac.com\/latam\/arquitectos\/almuerzo-y-aprende\/\" \/>\n<meta property=\"og:locale\" content=\"en_US\" \/>\n<meta property=\"og:type\" content=\"article\" \/>\n<meta property=\"og:title\" content=\"Almuerzo y Aprende\" \/>\n<meta property=\"og:description\" content=\"UniMac&#039;s Lunch and Learn program offers architects the opportunity to increase their knowledge about laundry rooms - UniMac distributor will even supply lunch.\" \/>\n<meta property=\"og:url\" content=\"https:\/\/unimac.com\/latam\/arquitectos\/almuerzo-y-aprende\/\" \/>\n<meta property=\"og:site_name\" content=\"Unimac Latam\" \/>\n<meta property=\"article:modified_time\" content=\"2023-08-11T16:45:41+00:00\" \/>\n<meta name=\"twitter:card\" content=\"summary_large_image\" \/>\n<meta name=\"twitter:label1\" content=\"Est. reading time\" \/>\n\t<meta name=\"twitter:data1\" content=\"5 minutes\" \/>\n<script type=\"application\/ld+json\" class=\"yoast-schema-graph\">{\"@context\":\"https:\/\/schema.org\",\"@graph\":[{\"@type\":\"WebPage\",\"@id\":\"https:\/\/unimac.com\/latam\/arquitectos\/almuerzo-y-aprende\/\",\"url\":\"https:\/\/unimac.com\/latam\/arquitectos\/almuerzo-y-aprende\/\",\"name\":\"Commercial Laundry Manufacturer\u2013 Industrial Washer Dryer\",\"isPartOf\":{\"@id\":\"https:\/\/unimac.com\/latam\/#website\"},\"datePublished\":\"2019-08-06T22:24:45+00:00\",\"dateModified\":\"2023-08-11T16:45:41+00:00\",\"description\":\"UniMac's Lunch and Learn program offers architects the opportunity to increase their knowledge about laundry rooms - UniMac distributor will even supply lunch.\",\"breadcrumb\":{\"@id\":\"https:\/\/unimac.com\/latam\/arquitectos\/almuerzo-y-aprende\/#breadcrumb\"},\"inLanguage\":\"en-US\",\"potentialAction\":[{\"@type\":\"ReadAction\",\"target\":[\"https:\/\/unimac.com\/latam\/arquitectos\/almuerzo-y-aprende\/\"]}]},{\"@type\":\"BreadcrumbList\",\"@id\":\"https:\/\/unimac.com\/latam\/arquitectos\/almuerzo-y-aprende\/#breadcrumb\",\"itemListElement\":[{\"@type\":\"ListItem\",\"position\":1,\"name\":\"Home\",\"item\":\"https:\/\/unimac.com\/latam\/\"},{\"@type\":\"ListItem\",\"position\":2,\"name\":\"Arquitectos\",\"item\":\"https:\/\/unimac.com\/latam\/arquitectos\/\"},{\"@type\":\"ListItem\",\"position\":3,\"name\":\"Almuerzo y Aprende\"}]},{\"@type\":\"WebSite\",\"@id\":\"https:\/\/unimac.com\/latam\/#website\",\"url\":\"https:\/\/unimac.com\/latam\/\",\"name\":\"Unimac Latam\",\"description\":\"Maximum Performance\",\"publisher\":{\"@id\":\"https:\/\/unimac.com\/latam\/#organization\"},\"potentialAction\":[{\"@type\":\"SearchAction\",\"target\":{\"@type\":\"EntryPoint\",\"urlTemplate\":\"https:\/\/unimac.com\/latam\/?s={search_term_string}\"},\"query-input\":{\"@type\":\"PropertyValueSpecification\",\"valueRequired\":true,\"valueName\":\"search_term_string\"}}],\"inLanguage\":\"en-US\"},{\"@type\":\"Organization\",\"@id\":\"https:\/\/unimac.com\/latam\/#organization\",\"name\":\"Unimac\",\"url\":\"https:\/\/unimac.com\/latam\/\",\"logo\":{\"@type\":\"ImageObject\",\"inLanguage\":\"en-US\",\"@id\":\"https:\/\/unimac.com\/latam\/#\/schema\/logo\/image\/\",\"url\":\"https:\/\/unimac.com\/latam\/wp-content\/uploads\/sites\/16\/2020\/03\/unimac.png\",\"contentUrl\":\"https:\/\/unimac.com\/latam\/wp-content\/uploads\/sites\/16\/2020\/03\/unimac.png\",\"width\":1248,\"height\":843,\"caption\":\"Unimac\"},\"image\":{\"@id\":\"https:\/\/unimac.com\/latam\/#\/schema\/logo\/image\/\"}}]}<\/script>\n<!-- \/ Yoast SEO Premium plugin. -->","yoast_head_json":{"title":"Commercial Laundry Manufacturer\u2013 Industrial Washer Dryer","description":"UniMac's Lunch and Learn program offers architects the opportunity to increase their knowledge about laundry rooms - UniMac distributor will even supply lunch.","robots":{"index":"index","follow":"follow","max-snippet":"max-snippet:-1","max-image-preview":"max-image-preview:large","max-video-preview":"max-video-preview:-1"},"canonical":"https:\/\/unimac.com\/latam\/arquitectos\/almuerzo-y-aprende\/","og_locale":"en_US","og_type":"article","og_title":"Almuerzo y Aprende","og_description":"UniMac's Lunch and Learn program offers architects the opportunity to increase their knowledge about laundry rooms - UniMac distributor will even supply lunch.","og_url":"https:\/\/unimac.com\/latam\/arquitectos\/almuerzo-y-aprende\/","og_site_name":"Unimac Latam","article_modified_time":"2023-08-11T16:45:41+00:00","twitter_card":"summary_large_image","twitter_misc":{"Est. reading time":"5 minutes"},"schema":{"@context":"https:\/\/schema.org","@graph":[{"@type":"WebPage","@id":"https:\/\/unimac.com\/latam\/arquitectos\/almuerzo-y-aprende\/","url":"https:\/\/unimac.com\/latam\/arquitectos\/almuerzo-y-aprende\/","name":"Commercial Laundry Manufacturer\u2013 Industrial Washer Dryer","isPartOf":{"@id":"https:\/\/unimac.com\/latam\/#website"},"datePublished":"2019-08-06T22:24:45+00:00","dateModified":"2023-08-11T16:45:41+00:00","description":"UniMac's Lunch and Learn program offers architects the opportunity to increase their knowledge about laundry rooms - UniMac distributor will even supply lunch.","breadcrumb":{"@id":"https:\/\/unimac.com\/latam\/arquitectos\/almuerzo-y-aprende\/#breadcrumb"},"inLanguage":"en-US","potentialAction":[{"@type":"ReadAction","target":["https:\/\/unimac.com\/latam\/arquitectos\/almuerzo-y-aprende\/"]}]},{"@type":"BreadcrumbList","@id":"https:\/\/unimac.com\/latam\/arquitectos\/almuerzo-y-aprende\/#breadcrumb","itemListElement":[{"@type":"ListItem","position":1,"name":"Home","item":"https:\/\/unimac.com\/latam\/"},{"@type":"ListItem","position":2,"name":"Arquitectos","item":"https:\/\/unimac.com\/latam\/arquitectos\/"},{"@type":"ListItem","position":3,"name":"Almuerzo y Aprende"}]},{"@type":"WebSite","@id":"https:\/\/unimac.com\/latam\/#website","url":"https:\/\/unimac.com\/latam\/","name":"Unimac Latam","description":"Maximum Performance","publisher":{"@id":"https:\/\/unimac.com\/latam\/#organization"},"potentialAction":[{"@type":"SearchAction","target":{"@type":"EntryPoint","urlTemplate":"https:\/\/unimac.com\/latam\/?s={search_term_string}"},"query-input":{"@type":"PropertyValueSpecification","valueRequired":true,"valueName":"search_term_string"}}],"inLanguage":"en-US"},{"@type":"Organization","@id":"https:\/\/unimac.com\/latam\/#organization","name":"Unimac","url":"https:\/\/unimac.com\/latam\/","logo":{"@type":"ImageObject","inLanguage":"en-US","@id":"https:\/\/unimac.com\/latam\/#\/schema\/logo\/image\/","url":"https:\/\/unimac.com\/latam\/wp-content\/uploads\/sites\/16\/2020\/03\/unimac.png","contentUrl":"https:\/\/unimac.com\/latam\/wp-content\/uploads\/sites\/16\/2020\/03\/unimac.png","width":1248,"height":843,"caption":"Unimac"},"image":{"@id":"https:\/\/unimac.com\/latam\/#\/schema\/logo\/image\/"}}]}},"acf":[],"_links":{"self":[{"href":"https:\/\/unimac.com\/latam\/wp-json\/wp\/v2\/pages\/1349","targetHints":{"allow":["GET"]}}],"collection":[{"href":"https:\/\/unimac.com\/latam\/wp-json\/wp\/v2\/pages"}],"about":[{"href":"https:\/\/unimac.com\/latam\/wp-json\/wp\/v2\/types\/page"}],"author":[{"embeddable":true,"href":"https:\/\/unimac.com\/latam\/wp-json\/wp\/v2\/users\/1"}],"replies":[{"embeddable":true,"href":"https:\/\/unimac.com\/latam\/wp-json\/wp\/v2\/comments?post=1349"}],"version-history":[{"count":62,"href":"https:\/\/unimac.com\/latam\/wp-json\/wp\/v2\/pages\/1349\/revisions"}],"predecessor-version":[{"id":19869,"href":"https:\/\/unimac.com\/latam\/wp-json\/wp\/v2\/pages\/1349\/revisions\/19869"}],"up":[{"embeddable":true,"href":"https:\/\/unimac.com\/latam\/wp-json\/wp\/v2\/pages\/1123"}],"wp:attachment":[{"href":"https:\/\/unimac.com\/latam\/wp-json\/wp\/v2\/media?parent=1349"}],"curies":[{"name":"wp","href":"https:\/\/api.w.org\/{rel}","templated":true}]}}